 2
-110101001110111011111
1101101100001101110000 (base 2) to base 7
42335326
Convert -342132433 (base 5) to base 7.
-15633245
What is -11234457 (base 9) in base 15?
-72b68d
-577045 (base 8) to base 13
-6b372
Convert 2b907 (base 14) to base 7.
632110
-471784 (base 9) to base 10
-283495
2423338 (base 9) to base 4
11000331221
-10011101010111001111 (base 2) to base 11
-4002a3
Convert 1456110 (base 7) to base 13.
6c765
Convert 734427 (base 13) to base 15.
383456
What is -21cdd7 (base 15) in base 6?
-54323334
What is 158505 (base 12) in base 15?
73b5b
What is 21b52 (base 15) in base 13?
39a25
What is -100000001000100011110 (base 2) in base 3?
-1222111101110
Convert -444255 (base 12) to base 4.
-10021001201
Convert -14d800 (base 15) to base 12.
-4070a6
Convert -21014414 (base 7) to base 2.
-110101111110100001011
What is -4212441 (base 5) in base 15?
-159eb
Convert b836c (base 16) to base 5.
143121130
-213200022 (base 4) to base 12
-79776
Convert 175105b (base 14) to base 2.
101011110100111110111001
What is 28f71 (base 16) in base 11?
10507a
What is 108a4 (base 16) in base 14?
1a992
11110113212 (base 4) to base 11
87249a
c26610 (base 14) to base 13
14837a1
What is -35540505 (base 7) in base 11?
-1863799
What is -717842 (base 10) in base 7?
-6046556
Convert 139103 (base 10) to base 7.
1116356
-33123111132 (base 4) to base 12
-1430426
What is 590a53 (base 15) in base 7?
51110514
-3852da (base 14) to base 15
-28356e
2b87b4 (base 12) to base 3
1101122002101
Convert -10001110001101011 (base 2) to base 16.
-11c6b
What is 11231310110 (base 4) in base 16?
16dd14
What is 310100332 (base 4) in base 14?
58034
What is 94847 (base 14) in base 10?
358351
What is -30103010303 (base 4) in base 8?
-14230463
Convert -11000010110011000100 (base 2) to base 5.
-201013032
What is -10111000010101110 (base 2) in base 6?
-2004542
5081079 (base 10) to base 8
23303767
-1ce00 (base 16) to base 8
-347000
What is -4078 (base 12) in base 4?
-1231130
-3134704 (base 9) to base 14
-318db0
1526543 (base 7) to base 5
23140240
What is 430540 (base 7) in base 14?
1d320
What is -741375 (base 14) in base 8?
-16753713
111144043 (base 5) to base 8
1676033
379ce (base 15) to base 14
48aa3
-20613436 (base 8) to base 13
-bac399
What is -17347 (base 14) in base 13?
-206a9
-59c3a (base 15) to base 9
-475601
Convert -168119 (base 13) to base 16.
-88d2a
What is -4688723 (base 9) in base 6?
-130230250
Convert 16726860 (base 9) to base 15.
b0ec56
-680637 (base 11) to base 13
-2bc650
-21314057 (base 9) to base 7
-153261445
437759 (base 10) to base 5
103002014
What is 509324 (base 11) in base 7?
6643512
What is -1445750 (base 9) in base 13?
-21c393
Convert -10017 (base 15) to base 6.
-1030251
154bb3 (base 16) to base 9
2556405
333300353 (base 6) to base 13
1337205
What is -110232101 (base 4) in base 12?
-41155
What is 111011100001011011 (base 2) in base 6?
5120415
What is -10204365 (base 7) in base 11?
-537198
7680142 (base 10) to base 6
432340114
What is -380f7 (base 16) in base 6?
-4531023
What is -87c5c (base 13) in base 6?
-5134432
What is -755701 (base 8) in base 7?
-2102134
Convert 312743 (base 16) to base 10.
3221315
What is -1000102111111 (base 3) in base 5?
-114233244
What is 221201010 (base 3) in base 13?
86b8
-1c74b3 (base 16) to base 12
-75b26b
What is 5abc05 (base 14) in base 16?
2f641d
2210222021211 (base 3) to base 15
1e812a
-13120000 (base 5) to base 6
-2434543
Convert -22202000021 (base 3) to base 15.
-35ea1
1101100001001101111 (base 2) to base 3
211111200002
What is -1454124 (base 6) in base 10?
-85156
What is 365726 (base 9) in base 13?
79629
What is -13123302012 (base 4) in base 15?
-287656
What is 130303204 (base 5) in base 4?
2122332310
Convert 5040416 (base 7) to base 9.
1111338
13917678 (base 10) to base 2
110101000101110111101110
-132120232 (base 5) to base 4
-2201103110
Convert 2322302124 (base 5) to base 7.
62560565
-379237 (base 12) to base 16
-dd90b
What is 17818c (base 13) in base 11?
372649
What is 111120021011 (base 3) in base 14?
6d43d
Convert -6269800 (base 10) to base 7.
-104202205
What is 393648 (base 13) in base 5?
323103333
Convert 12202022011 (base 3) to base 12.
55627
What is 100001100001111111011 (base 2) in base 6?
35314443
-11343024 (base 6) to base 3
-200002000121
Convert 100002121022220 (base 3) to base 4.
102130032333
Convert -20122222002 (base 3) to base 12.
-63b0b
What is 27a12 (base 12) in base 9?
83425
What is -13223046 (base 9) in base 14?
-c16a0d
Convert -2101200100 (base 3) to base 12.
-23353
75487 (base 11) to base 8
326231
10300031010 (base 4) to base 6
42412340
What is 513275 (base 8) in base 2?
101001011010111101
1060415 (base 7) to base 3
20201102122
What is 4032343214 (base 5) in base 2?
11110110111001101000010
What is a00064 (base 11) in base 15?
21c320
-44a016 (base 12) to base 3
-2001122211200
What is 46349 (base 10) in base 2?
1011010100001101
What is 4050051 (base 7) in base 3?
220112001110
What is -15401134 (base 6) in base 4?
-2010331102
-178a1 (base 11) to base 3
-1021100022
What is -1010211200 (base 3) in base 2?
-101011111010010
What is 556450 (base 7) in base 6?
2035121
What is 713315 (base 10) in base 11?
447a19
What is 45592 (base 11) in base 3?
10100102200
Convert -1b65b3 (base 13) to base 7.
-5642521
Convert -9097853 (base 10) to base 3.
-122010012220112
Convert -10212213200 (base 4) to base 14.
-235ac8
What is -4b550 (base 13) in base 12?
-68761
Convert -100010011110010011110001 (base 2) to base 9.
-18003436
Convert -703040 (base 8) to base 11.
-14856a
Convert 2012355 (base 7) to base 5.
30113242
Convert -a8440 (base 13) to base 14.
-7ca82
Convert 11200002222 (base 3) to base 5.
10420214
Convert 378317 (base 9) to base 11.
1471a2
-13303 (base 5) to base 8
-2066
29f1 (base 16) to base 11
8081
Convert 424034003 (base 5) to base 16.
1b374c
What is -1e3508 (base 16) in base 13?
-5440c3
Convert 103223101310 (base 4) to base 8.
23532164
What is 23422331 (base 6) in base 5?
141442340
Convert 101101111110110001 (base 2) to base 15.
3ac0c
Convert 111221201 (base 4) to base 6.
1522305
-1010000010000111100000 (base 2) to base 8
-12020740
Convert -1323022011 (base 4) to base 9.
-847873
What is 13a328 (base 11) in base 5?
23444202
Convert -10101011000101000011101 (base 2) to base 7.
-65435532
11202210221221 (base 3) to base 14
49ddc5
Convert -13b162 (base 15) to base 3.
-1210012100202
-70b02 (base 15) to base 16
-571f4
Convert 402450500 (base 6) to base 13.
155a8a9
What is -744029 (base 12) in base 15?
-262ae3
Convert -2122310021 (base 5) to base 15.
-5dba0b
Convert 1002022021012 (base 3) to base 11.
364424
What is -122032424 (base 5) in base 14?
-111708
What is 12928a (base 13) in base 5?
103324030
ccb0c (base 15) to base 2
10011110110011110111
What is 1121201000021 (base 3) in base 5?
210011402
What is -1411115 (base 6) in base 15?
-1877e
What is 31b50 (base 12) in base 5?
4044310
Convert 4367c (base 13) to base 7.
1015355
Convert -20012000220001 (base 3) to base 5.
-1320201320
Convert 11000322021 (base 4) to base 13.
37039b
-1626282 (base 12) to base 4
-101102100002
Convert 16179a8 (base 11) to base 15.
398a22
-88c5c (base 16) to base 9
-1043426
What is 2aa483 (base 12) in base 16?
b0823
22128b (base 16) to base 7
24660056
What is 1030a (base 12) in base 14?
7a0a
-212122010110 (base 3) to base 13
-133983
112111222210202 (base 3) to base 14
104bb3c
Convert -11210454 (base 6) to base 5.
-41443433
Convert 453051 (base 10) to base 9.
760420
306457 (base 10) to base 6
10322441
7371853 (base 9) to base 13
a81599
-22334134 (base 6) to base 11
-425984
Convert -2211320103 (base 5) to base 4.
-102101321133
-72c759 (base 13) to base 16
-28f392
-214305545 (base 6) to base 16
-3ac0a9
876788 (base 11) to base 9
2563170
What is -432230433 (base 5) in base 6?
-103205412
What is 11705 (base 11) in base 5?
1014244
11025267 (base 9) to base 15
704a1a
Convert -5a762 (base 15) to base 12.
-11ab92
Convert -26a555 (base 11) to base 4.
-1213133303
What is b5626 (base 12) in base 2?
111010000000111110
Convert -78137b (base 12) to base 11.
-1094a94
-378c8 (base 14) to base 7
-1105041
1a2a9 (base 14) to base 3
10101002011
885b37 (base 15) to base 9
13205447
-12133034 (base 6) to base 8
-1361056
What is -323003 (base 7) in base 15?
-11a05
What is 501322255 (base